 o*m + 5*j, -4*j + 880 = 4*m. What is the units digit of m?
5
Let r be (-48)/(-14) - (-81)/(-189). Suppose 2*l - 2*b - 18 = 0, -41 = r*l - 8*l + 3*b. Suppose 0 = -l*z - 14 + 35. What is the units digit of z?
3
Let c = 215 - -59. Suppose 0 = 16*v - 1010 + c. What is the units digit of v?
6
Let y(l) = l**2 + 20*l - 69. Let f be y(-23). Suppose -3*i + 771 + 1533 = f. What is the hundreds digit of i?
7
Let m be (-9)/7 - ((-140)/49)/10. Let f be (10/4*m)/((-1)/2). Suppose v - 447 = -f*c, -3*v + 6 = -5*v. What is the units digit of c?
0
Suppose 0 = -11*l + 28 - 116. Let p be (2 - (-5)/(-3)) + l/(-3). Suppose 224 - 680 = -p*m. What is the tens digit of m?
5
Suppose 3*u + 15 = 0, -3*l = -l + 2*u. Suppose 0 = 2*f + 5*s - 1978, -2*f = 3*f + l*s - 4945. What is the units digit of f?
9
Suppose 1040 = 5*p - 23*i + 28*i, -2*p - 3*i + 411 = 0. What is the hundreds digit of p?
2
Let p = -541 + 1931. Let b be p/5 + 3 - -1. Suppose 4*l = -2*d - 24 + b, 0 = l + 5*d - 87. What is the tens digit of l?
6
Let u = -173 - -222. Suppose 5 = -2*g + u. What is the tens digit of g?
2
Let a = 1388 + -2380. Let y = 142 - a. What is the units digit of y?
4
Let z(c) = 1 + 4 + 11 - c. Let f be z(12). Suppose -f*u = -3*x - 465, 5*u = -x + 32 + 554. What is the units digit of u?
7
Suppose 3*j - 18 = -2*v, 3*v - 2*j = 2*j + 10. Let s = -746 - -744. What is the units digit of v/9*(s + (-2 - -7))?
2
Let q be (-14)/(-63) - (-47)/(-9). Let k = 2 + q. What is the units digit of (-1)/((-1671)/(-558) - (-9)/k)?
6
Let v(w) be the second derivative of 46/3*w**3 + 1/2*w**2 + 0 - 12*w. What is the units digit of v(1)?
3
Let o(b) = -3436*b**3 + 7*b**2 - 55*b - 117. What is the thousands digit of o(-2)?
7
Let f = 993 + -324. What is the hundreds digit of f?
6
Let r be (-320)/6*(85/(-10) + 4). Suppose 4*q - 1836 - r = 0. What is the hundreds digit of q?
5
Suppose 4*q + p = 448, 3*q - 3*p - 550 = -229. Suppose q = -39*w + 36*w. Let o = -6 - w. What is the units digit of o?
1
Let a(x) = 2*x**2 + 14*x + 18. Let o be -3 - 0/(-4) - 4. Let j be a(o). Suppose -7*g - 2288 = -j*g. What is the tens digit of g?
0
Let z = -165 - -37. Let q be (-4 + 127)/(3 + -2). Let l = q - z. What is the hundreds digit of l?
2
Suppose -55*y + 1437625 = 85*y + 35*y. What is the hundreds digit of y?
2
Suppose -84 = -11*m + 37. Let d = -2196 - -3638. Suppose 3*r + m*r - d = 0. What is the hundreds digit of r?
1
Suppose -h - h + 3*k = -208, -2*h + 240 = 5*k. Suppose 0 = -5*u + 5*b - h, -3*u + 3*b = -2*b + 70. What is the tens digit of (-15)/(-2 - 34/u)?
5
Let m = 31 - 19. Let b(s) = 43*s**2 + 14*s**2 + m*s**2 - 1 - 3*s + 3. What is the units digit of b(1)?
8
Let k = -144946 + 204620. What is the thousands digit of k?
9
Suppose -31*z - 2406 = -33*z. Suppose 0 = -8*u + z + 733. What is the units digit of u?
2
Let b = -1541 + 2990. Suppose 0 = 4*y + 285 - b. Suppose -2*h - h = -y. What is the units digit of h?
7
Let r = -1 + 4. Suppose -3*x - 407 = -2*q, -r*q + 0*x + 605 = x. Let t = q + -91. What is the tens digit of t?
1
What is the thousands digit of (-70)/21*1419984/(-190)?
4
Suppose 0*l - 210 = -3*l. Let c = -100 + l. What is the hundreds digit of (125/3)/((-10)/c)?
1
Let m = 6 + -23. Let f(q) = 15*q - 11. Let x(h) = 44*h - 34. Let l(n) = m*f(n) + 6*x(n). What is the units digit of l(9)?
4
Suppose 245 = -5*w - 2*g, -2*g + 174 = -5*w - 91. Let o be (-6)/1*272/w. Suppose -o*h + 142 = -30*h. What is the tens digit of h?
7
Let z(j) = -j**2 - 4*j + 1. Let a be z(-14). Let u = a - -262. What is the tens digit of u?
2
Let d be (-33636)/(-132) - 10/(-55). Let p = d + 477. What is the tens digit of p?
3
What is the hundreds digit of 6806 - (-1)/(5/55)?
8
Suppose 0 = 5*k - 2*j + 45, 2*k = j - 0*j - 18. Let r be (-3)/9 - (-3 - (-7860)/k). Suppose -2*t + r = 2*t. What is the units digit of t?
9
Let z = 77 + -77. Suppose 3*f = -z*f - 12. What is the tens digit of (((-408)/(-9))/f)/(16/(-72))?
5
Suppose 3*o = 2*h + 20, -5*o - 5*h = -6*o - 15. Suppose 0 = o*y - 8*y - 8. Suppose -2*q + 2*m + 602 = 2*q, 3*q - 457 = -y*m. What is the units digit of q?
1
Let j be 13 + ((0 + 0)/(-2))/(-1). Suppose n + j*q - 117 = 8*q, 3*n = -2*q + 416. What is the hundreds digit of n?
1
Let f(z) = z**3 + 15*z**2 - 33*z + 2. What is the hundreds digit of f(-14)?
6
Let m(b) = 13547*b - 10863. What is the ten thousands digit of m(3)?
2
Suppose -23*x + 17*x = 12. What is the tens digit of x/3*13296/(-32)?
7
Let m(d) be the first derivative of d**4/4 + 5*d**3 - 18*d - 11. Let r be m(-13). Suppose -3*o - 5*h + r = -0*h, -4*o - 4*h = -424. What is the tens digit of o?
0
Let q = 111 - 108. Suppose -b - w = -7, -2*w + q*w - 27 = -5*b. Suppose b*k - 2*k = 702. What is the tens digit of k?
3
What is the units digit of (-554554)/(-98) + (-2)/(-7)?
9
What is the thousands digit of (-4)/(-14) - ((-9)/(-3) - (-1270444)/(-98))?
2
Suppose -421 = -40*t + 35*t - 3*g, -5*g = -10. Let d be (20/(-30))/((-2)/489). Let u = d - t. What is the tens digit of u?
8
Let h(k) = -63*k**3 - k - 1. Let i be h(2). Let t = 71 - i. What is the tens digit of t?
7
Suppose 189 = 5*w - k - 176424, 4*w - 2*k = 141282. What is the tens digit of w?
2
Suppose -9 = n + 2*o, 0 = -9*n + 4*n - o - 27. Let t be -35 + 7 + 3 + n. What is the units digit of (t/8)/(1/(-20))?
5
Let w = -47 - -153. Let v = w - 269. Let t = v + 264. What is the tens digit of t?
0
Suppose 5*c + b - 20062 = 0, -2*b = 67*c - 65*c - 8020. What is the hundreds digit of c?
0
Let t(u) = -30168*u - 40. What is the ten thousands digit of t(-2)?
6
Let t be (360/(-588))/(2/(-14))*-14. Let j = -56 - t. Suppose 2*p + 750 - 73 = 3*g, 0 = -4*p - j. What is the tens digit of g?
2
Let i(r) be the first derivative of 11*r**4 - r**3 + 3*r**2/2 - r + 36. Let c be i(1). Suppose 340 = -c*l + 47*l. What is the tens digit of l?
8
Suppose 2*o + 4 = 0, -o + 3*o = 2*k - 60. Let p(n) = -k + 10*n - 11 + 2. What is the units digit of p(5)?
3
Suppose -2*y = 5*x - 3529, -9*y + 6*y - 2837 = -4*x. What is the tens digit of (-3 - -4 - x)*(-1)/2?
5
Suppose -2*z = 17*r - 20*r - 164329, 12*r + 82133 = z. What is the tens digit of z?
6
Let y = 8223 - 2064. What is the thousands digit of y?
6
Let g(o) be the first derivative of o**4/4 + 23*o**3/3 - 17*o**2/2 + 5*o - 55. What is the hundreds digit of g(-23)?
3
Let a be 33/11*3*1*13. What is the units digit of (-17608)/(-18) + (-26)/a?
8
Let n = -13768 - -21786. What is the units digit of n?
8
Let c(b) = 286*b**2 - 63*b - 920. What is the hundreds digit of c(-15)?
3
Let o(q) = 240*q**2 - 231*q + 1341. What is the thousands digit of o(6)?
8
What is the units digit of (3/(-4) - -1) + (983203/(-52))/(-1)?
8
Let z(x) = x**2 - 2*x + 15. Suppose -2*m - i + 17 = 2*m, 0 = -4*i - 12. Let u be z(m). What is the tens digit of u/((-7)/(-2) + 2 + -4)?
2
Suppose 3895*y + 255374 = 3912*y. What is the ten thousands digit of y?
1
Suppose c + 1 = p, -p - c + 3 = -4*c. Let b(t) = -3*t + 158. What is the hundreds digit of b(p)?
1
Let c(f) = 112*f**2 - 4*f - 3. Suppose 5*a + 1 = -3*z + 33, -z + 8 = a. What is the tens digit of c(a)?
7
Suppose 0 = -2*w + 3*n + 24331, -72*w - 4*n = -76*w + 48668. What is the hundreds digit of w?
1
Let b be ((-15)/(-9))/((-6)/(-54)). Suppose -b*x + 12 = -9*x. Suppose 3*u = 4*u + 2*v - 33, x*u = 5*v + 21. What is the tens digit of u?
2
Let h = -233 + 79. Let n = 465 + h. What is the hundreds digit of n?
3
What is the hundreds digit of 8 + -1 + (-899)/58*-922?
2
Suppose -2*i + i + 5 = 0. Let k(z) = 9*z**2 + 9*z - 7. Let s be k(i). Let c = s - 184. What is the units digit of c?
9
What is the tens digit of 8 - (-319984)/18 - (-2)/18?
8
Suppose 3*l - 27202 = -2*s + 9590, -4*s = 3*l - 36798. What is the thousands digit of l?
2
Suppose 97*c + 237138 = 108*c. What is the tens digit of c?
5
Let i = -5232 + 18240. What is the hundreds digit of (-12)/(-54) - i/(-27)?
4
Let x be (-228)/152 - 14739/(-2). Suppose -7*b = -1963 - x. What is the units digit of b?
3
Suppose -4*x + 21 = 9. Let t = x + -6. What is the units digit of (-39*6)/t - 1*2?
6
Let s = -1 + 154. Suppose 2*t = -5*t. Suppose 20 = 2*i - 3*b - s, t = -i + 2*b + 86. What is the units digit of i?
8
Let s(t) = t**3 + 11*t**2 - 13*t - 14. Let u(r) = -11*r**2 - 3*r - 4. Let n be u(-1). Let z be s(n). What is the tens digit of 6*((-2)/2 + (-39)/z)?
1
Let z(v) = -